{"id":111,"date":"2025-06-10T15:29:46","date_gmt":"2025-06-10T13:29:46","guid":{"rendered":"http:\/\/luciecoroller-psychologue.fr\/?page_id=111"},"modified":"2025-07-16T14:38:10","modified_gmt":"2025-07-16T12:38:10","slug":"therapie-centree-sur-les-emotions","status":"publish","type":"page","link":"https:\/\/luciecoroller-psychologue.fr\/index.php\/therapie-centree-sur-les-emotions\/","title":{"rendered":"Th\u00e9rapie centr\u00e9e sur les \u00e9motions"},"content":{"rendered":"\n<p class=\"is-style-default\">La th\u00e9rapie centr\u00e9e sur les \u00e9motions (ou <em>emotion focused therapy<\/em>) est une modalit\u00e9 th\u00e9rapeutique d\u00e9velopp\u00e9e par Leslie Greenberg et Susan Johnson depuis les ann\u00e9es 1980. <\/p>\n\n\n\n<p class=\"is-style-default\">Fond\u00e9e sur une approche <strong>humaniste<\/strong> et <strong>constructiviste<\/strong>, la th\u00e9rapie centr\u00e9e sur les \u00e9motions (TCE) s&rsquo;int\u00e9resse au <strong>processus exp\u00e9rientiel<\/strong> de la personne. Elle propose au th\u00e9rapeute et aux personnes qui consultent, des outils pour travailler avec les processus \u00e9motionnels.<\/p>\n\n\n\n<p>La TCE s\u2019inscrit dans l\u2019id\u00e9e que <strong>nos \u00e9motions pr\u00e9c\u00e8dent la parole<\/strong>, de ce fait, les difficult\u00e9s que nous rencontrons sont souvent issues de dysfonctionnements dans notre <strong>capacit\u00e9 de r\u00e9gulation \u00e9motionnelle<\/strong>. C\u2019est \u00e0 dire dans la fa\u00e7on dont nous percevons, r\u00e9gulons et r\u00e9pondons \u00e0 nos \u00e9motions. Ces dysfonctionnements cr\u00e9ent des cycles d\u2019auto-critique, d\u2019inhibition, de comportements destructeurs et de conflits interpersonnels.<\/p>\n\n\n\n<p class=\"is-style-default\">L\u2019objectif de la TCE est d\u2019accompagner les personnes, afin qu\u2019elles puissent \u00ab <em>mieux identifier, exp\u00e9rimenter, accepter, explorer, donner un sens \u00e0, transformer et g\u00e9rer de mani\u00e8re flexible leurs \u00e9motions <\/em>\u00bb (Greenberg).<\/p>\n\n\n\n<p>Le processus th\u00e9rapeutique <strong>se focalise sur les \u00e9motions ressenties par la personne <\/strong>afin d\u2019identifier la <strong>tendance \u00e0 agir <\/strong>que chaque \u00e9motion exprime, et donc d\u00e9couvrir les besoins fondamentaux qui en sont \u00e0 l\u2019origine.<\/p>\n\n\n\n<p>Le th\u00e9rapeute vient donc accompagner les personnes dans <strong>l\u2019identification, l\u2019expression et l\u2019exploration des ressentis \u00e9motionnels.<\/strong> La finalit\u00e9 \u00e9tant de pouvoir r\u00e9pondre aux \u00e9motions de mani\u00e8re s\u00e9cure et adapt\u00e9e aux besoins fondamentaux qu&rsquo;elles expriment, afin de transformer l\u2019\u00e9motion douloureuse ou inadapt\u00e9e en \u00e9motions adapt\u00e9es au contexte et aux besoins de la personne.<\/p>\n\n\n\n<figure class=\"wp-block-pullquote has-custom-navy-color has-custom-cloud-background-color has-text-color has-background has-link-color has-x-large-font-size wp-elements-32fb27d948d1ed6c455c1638194cc4c6\" style=\"padding-top:var(--wp--preset--spacing--40);padding-right:var(--wp--preset--spacing--70);padding-bottom:var(--wp--preset--spacing--40);padding-left:var(--wp--preset--spacing--70)\"><blockquote><p><em>La transformation de soi est toujours pr\u00e9c\u00e9d\u00e9e de l&rsquo;acceptation de soi.<\/em><\/p><cite>Leslie Greenberg<\/cite><\/blockquote><\/figure>\n\n\n\n<p>Ce travail sur les processus \u00e9motionnels s&rsquo;appuie sur diff\u00e9rents <strong>outils th\u00e9rapeutiques et techniques<\/strong> pour identifier les \u00e9motions, approfondir leurs origines et leur sens, et explorer les besoins qu&rsquo;elles expriment.<\/p>\n\n\n\n<hr class=\"wp-block-separator has-text-color has-custom-navy-color has-alpha-channel-opacity has-custom-navy-background-color has-background is-style-dots\"\/>\n\n\n\n<h2 class=\"wp-block-heading has-text-align-center\">Pour en savoir plus<\/h2>\n\n\n\n<ul class=\"wp-block-list\">\n<li class=\"has-medium-font-size\">Le site de l&rsquo;Institut Fran\u00e7ais de la Th\u00e9rapie Centr\u00e9e sur les \u00e9motions : <a href=\"https:\/\/www.iftce.fr\/\">https:\/\/www.iftce.fr\/<\/a><\/li>\n\n\n\n<li class=\"has-medium-font-size\"><a href=\"https:\/\/www.deboecksuperieur.com\/livre\/9782807361331-la-therapie-centree-sur-les-emotions\">\u00ab\u00a0La th\u00e9rapie centr\u00e9e sur les \u00e9motions\u00a0\u00bb de Leslie Greenberg, ouvrage de pr\u00e9sentation de la th\u00e9rapie <\/a><\/li>\n<\/ul>\n\n\n\n<hr class=\"wp-block-separator has-text-color has-custom-navy-color has-alpha-channel-opacity has-custom-navy-background-color has-background is-style-dots\"\/>\n","protected":false},"excerpt":{"rendered":"<p>La th\u00e9rapie centr\u00e9e sur les \u00e9motions (ou emotion focused therapy) est une modalit\u00e9 th\u00e9rapeutique d\u00e9velopp\u00e9e par Leslie Greenberg et Susan Johnson depuis les ann\u00e9es 1980. Fond\u00e9e sur une approche humaniste et constructiviste, la th\u00e9rapie centr\u00e9e sur les \u00e9motions (TCE) s&rsquo;int\u00e9resse au processus exp\u00e9rientiel de la personne. Elle propose au th\u00e9rapeute et aux personnes qui consultent, [&hellip;]<\/p>\n","protected":false},"author":1,"featured_media":0,"parent":0,"menu_order":0,"comment_status":"closed","ping_status":"closed","template":"","meta":{"footnotes":""},"class_list":["post-111","page","type-page","status-publish","hentry"],"_links":{"self":[{"href":"https:\/\/luciecoroller-psychologue.fr\/index.php\/wp-json\/wp\/v2\/pages\/111","targetHints":{"allow":["GET"]}}],"collection":[{"href":"https:\/\/luciecoroller-psychologue.fr\/index.php\/wp-json\/wp\/v2\/pages"}],"about":[{"href":"https:\/\/luciecoroller-psychologue.fr\/index.php\/wp-json\/wp\/v2\/types\/page"}],"author":[{"embeddable":true,"href":"https:\/\/luciecoroller-psychologue.fr\/index.php\/wp-json\/wp\/v2\/users\/1"}],"replies":[{"embeddable":true,"href":"https:\/\/luciecoroller-psychologue.fr\/index.php\/wp-json\/wp\/v2\/comments?post=111"}],"version-history":[{"count":6,"href":"https:\/\/luciecoroller-psychologue.fr\/index.php\/wp-json\/wp\/v2\/pages\/111\/revisions"}],"predecessor-version":[{"id":260,"href":"https:\/\/luciecoroller-psychologue.fr\/index.php\/wp-json\/wp\/v2\/pages\/111\/revisions\/260"}],"wp:attachment":[{"href":"https:\/\/luciecoroller-psychologue.fr\/index.php\/wp-json\/wp\/v2\/media?parent=111"}],"curies":[{"name":"wp","href":"https:\/\/api.w.org\/{rel}","templated":true}]}}