{"id":66,"date":"2025-06-04T16:13:52","date_gmt":"2025-06-04T14:13:52","guid":{"rendered":"http:\/\/luciecoroller-psychologue.fr\/?page_id=66"},"modified":"2026-01-14T14:23:04","modified_gmt":"2026-01-14T13:23:04","slug":"contact","status":"publish","type":"page","link":"https:\/\/luciecoroller-psychologue.fr\/index.php\/contact\/","title":{"rendered":"Informations de contact"},"content":{"rendered":"\n<p class=\"has-text-align-center\">Pour toute information ou pour une prise de rendez-vous, vous pouvez me contacter par <strong>mail<\/strong>, ou par <strong>sms<\/strong>.<\/p>\n\n\n\n<div class=\"wp-block-columns is-layout-flex wp-container-core-columns-is-layout-ca9ec167 wp-block-columns-is-layout-flex\" style=\"padding-top:var(--wp--preset--spacing--30);padding-right:var(--wp--preset--spacing--30);padding-bottom:var(--wp--preset--spacing--30);padding-left:var(--wp--preset--spacing--30)\">\n<div class=\"wp-block-column is-style-default has-border-color has-custom-pink-border-color is-layout-flow wp-container-core-column-is-layout-6fd78a62 wp-block-column-is-layout-flow\" style=\"border-width:2px;padding-top:var(--wp--preset--spacing--20);padding-right:var(--wp--preset--spacing--20);padding-bottom:var(--wp--preset--spacing--20);padding-left:var(--wp--preset--spacing--20)\">\n<h2 class=\"wp-block-heading has-large-font-size\">mail.<\/h2>\n\n\n\n<p style=\"font-size:clamp(0.875rem, 0.875rem + ((1vw - 0.2rem) * 0.196), 1rem);\">contact@luciecoroller-psychologue.fr<\/p>\n<\/div>\n\n\n\n<div class=\"wp-block-column has-border-color has-custom-pink-border-color is-layout-flow wp-container-core-column-is-layout-6fd78a62 wp-block-column-is-layout-flow\" style=\"border-width:2px;padding-top:var(--wp--preset--spacing--20);padding-right:var(--wp--preset--spacing--20);padding-bottom:var(--wp--preset--spacing--20);padding-left:var(--wp--preset--spacing--20)\">\n<h2 class=\"wp-block-heading has-large-font-size\">t\u00e9l\u00e9phone.<\/h2>\n\n\n\n<p style=\"font-size:clamp(0.875rem, 0.875rem + ((1vw - 0.2rem) * 0.196), 1rem);font-style:italic;font-weight:300\">06.31.34.69.88<\/p>\n<\/div>\n<\/div>\n\n\n\n<hr class=\"wp-block-separator has-text-color has-custom-navy-color has-alpha-channel-opacity has-custom-navy-background-color has-background is-style-dots\"\/>\n\n\n\n<p class=\"has-medium-font-size\">Un appel t\u00e9l\u00e9phonique (15mn) peut \u00eatre programm\u00e9 avant toute rencontre si vous le souhaitez. <\/p>\n\n\n\n<p class=\"has-medium-font-size\">N&rsquo;h\u00e9sitez pas \u00e0 me contacter pour toute question sur la prise en charge, l&rsquo;accessibilit\u00e9 du cabinet, les modalit\u00e9s d&rsquo;accompagnement ou sur ma pratique.<\/p>\n\n\n\n<hr class=\"wp-block-separator has-text-color has-custom-navy-color has-alpha-channel-opacity has-custom-navy-background-color has-background is-style-dots\"\/>\n","protected":false},"excerpt":{"rendered":"<p>Pour toute information ou pour une prise de rendez-vous, vous pouvez me contacter par mail, ou par sms. mail. contact@luciecoroller-psychologue.fr t\u00e9l\u00e9phone. 06.31.34.69.88 Un appel t\u00e9l\u00e9phonique (15mn) peut \u00eatre programm\u00e9 avant toute rencontre si vous le souhaitez. N&rsquo;h\u00e9sitez pas \u00e0 me contacter pour toute question sur la prise en charge, l&rsquo;accessibilit\u00e9 du cabinet, les modalit\u00e9s d&rsquo;accompagnement [&hellip;]<\/p>\n","protected":false},"author":1,"featured_media":0,"parent":0,"menu_order":0,"comment_status":"closed","ping_status":"closed","template":"","meta":{"footnotes":""},"class_list":["post-66","page","type-page","status-publish","hentry"],"_links":{"self":[{"href":"https:\/\/luciecoroller-psychologue.fr\/index.php\/wp-json\/wp\/v2\/pages\/66","targetHints":{"allow":["GET"]}}],"collection":[{"href":"https:\/\/luciecoroller-psychologue.fr\/index.php\/wp-json\/wp\/v2\/pages"}],"about":[{"href":"https:\/\/luciecoroller-psychologue.fr\/index.php\/wp-json\/wp\/v2\/types\/page"}],"author":[{"embeddable":true,"href":"https:\/\/luciecoroller-psychologue.fr\/index.php\/wp-json\/wp\/v2\/users\/1"}],"replies":[{"embeddable":true,"href":"https:\/\/luciecoroller-psychologue.fr\/index.php\/wp-json\/wp\/v2\/comments?post=66"}],"version-history":[{"count":12,"href":"https:\/\/luciecoroller-psychologue.fr\/index.php\/wp-json\/wp\/v2\/pages\/66\/revisions"}],"predecessor-version":[{"id":347,"href":"https:\/\/luciecoroller-psychologue.fr\/index.php\/wp-json\/wp\/v2\/pages\/66\/revisions\/347"}],"wp:attachment":[{"href":"https:\/\/luciecoroller-psychologue.fr\/index.php\/wp-json\/wp\/v2\/media?parent=66"}],"curies":[{"name":"wp","href":"https:\/\/api.w.org\/{rel}","templated":true}]}}